ive w(c).
-8
Let w(v) = 5*v - 15. Let a(y) = -y + 1. Let l(c) = 6*a(c) + w(c). Determine l(-7).
-2
Let k(w) = -w + 19 + 23 - 67 + 22. Suppose 3*g + 2*g = n - 22, 2*n = -6. Give k(g).
2
Let x(i) be the second derivative of i**3/6 + 17*i**2/2 - 23*i. Let d(l) = l + 2. Let w(f) = -6*d(f) + x(f). Calculate w(5).
-20
Let v(a) = 2*a. Let m(k) = -2*k - 26. Let d be -3*(7 - -2*(1 - 2)). Let b be m(d). Give v(b).
8
Let v(f) = -f**3 - f**2 - 2*f - 4. Let x(j) = j + 1. Let g(o) = v(o) + 4*x(o). Let w(c) = c + 20. Let p be w(-10). Suppose -2 = -4*q - p. Give g(q).
0
Let g = -9 - -11. Let u(q) = -q**2 + 4*q**g + 4*q - 5*q. Suppose -6*r + 2*r = 2*i - 16, 5 = 4*i - r. What is u(i)?
10
Suppose 0 = -362*b + 358*b + 8. Let p(v) = 2*v**2 - 7*v + 1. Let t(w) = w**2 - 3*w. Let x be (-1)/(2*(-1)/(-10)). Let m(k) = x*t(k) + 2*p(k). Determine m(b).
0
Let u(z) = -z**3 - 5*z**2 - 5*z - 2. Let f be -2*(6/(-9))/(20/15). Let i be (-63)/7*f/3. Give u(i).
-5
Suppose 21*r = r + 20. Let v(n) = 3*n + 2. Calculate v(r).
5
Suppose 4*b - 2*b = 4*i + 12, 3*i = -2*b - 9. Let l(q) = b*q + 2 + 3*q - 3 - 4*q. Determine l(5).
-6
Let b(j) = 6 - 5 + 0*j - 6*j - 6 + 4*j. Let u(y) = -y**2 + y - 5. Let z be u(0). Determine b(z).
5
Let s(b) = 3*b**2 - b - 1. Let o(j) = 16*j**2 - 5*j + 2. Let m(u) = o(u) - 5*s(u). What is m(-5)?
32
Let d = 3 - 1. Let h(c) = 4 + 2*c**2 - c - 2 + d*c. Let b(y) = -y**2 - 6*y + 18. Let k be b(-8). What is h(k)?
12
Let b(z) be the third derivative of -z**4/8 + z**3/3 - 649*z**2. Let u be 17/4 - (-2)/(-8). What is b(u)?
-10
Let d be (0/(-2) - 1)*-5. Let z = 370 - 364. Let t(u) = 3*u - 7*u + d*u + z*u. Give t(-1).
-7
Let k = 565 + -583. Let g(z) = -z**3 - 19*z**2 - 17*z + 20. Calculate g(k).
2
Let q(s) = 4*s + 69. Let f(n) = -3*n - 54. Let c(r) = 3*f(r) + 2*q(r). What is c(-20)?
-4
Let d(u) = -u**3 - u**2 + 1. Let k(w) = -w**2 - w + 6. Let a be k(2). Give d(a).
1
Let h(f) = -7*f**2 + f - 1. Let s = -484 - -485. Determine h(s).
-7
Let c(a) = -a**3 + 4*a**2 - a - 4. Suppose 0 = 4*d - 4*u - 12, 3*d + 2 = 4*d - 2*u. Suppose -17 = -d*g - 5. Calculate c(g).
2
Let o = 55 - 50. Let t(h) = -h**2 - 14 + 5*h + 5 + o + h. Let q be 1/2*4 - -2. Give t(q).
4
Let m(i) = 7*i**2 + 4*i + 3. Let o = 527 - 529. Calculate m(o).
23
Let n(j) be the third derivative of -42*j**2 + 0 + 0*j + 1/12*j**4 + 0*j**3. Give n(-3).
-6
Let o(p) = -p**2 + 4. Let a(k) = k**3 - k**2 - 5. Let s be a(0). Let z(f) = 0*f**3 + 4*f**2 + 7*f**3 - 5*f - 5*f**3 - f**3. Let q be z(s). Give o(q).
4
Let q(f) = -126 - 7*f + 8*f + f**3 - 4*f**2 + 127. Give q(3).
-5
Let n(h) be the third derivative of 1/6*h**3 - 1/12*h**4 + 11/120*h**6 + 0*h + 0 + 9*h**2 + 1/60*h**5. Let s = 1 + 0. Calculate n(s).
11
Let p = -3 - -4. Let m = 9 + -20. Let g(r) = 16*r**3 - 6*r**2 - 21*r + 5. Let q(w) = -3*w**3 + w**2 + 4*w - 1. Let y(n) = m*q(n) - 2*g(n). Determine y(p).
1
Let r(v) be the first derivative of -v**3/3 + v**2/2 - 4*v - 689. Give r(0).
-4
Let u be (99/36 - 2)*-4. Let l(o) = -3*o**2 + 4*o + 3. What is l(u)?
-36
Let h(w) be the first derivative of -2*w**2 + 7*w + 114. Give h(-10).
47
Let m = -1 + 0. Let t(z) be the third derivative of 7*z**6/120 - z**4/12 - z**3/6 + 11*z**2. Calculate t(m).
-6
Let n be ((-54)/(-324))/((-1)/(-15)). Let d(p) be the first derivative of 2 + 3*p - n*p**2. Give d(2).
-7
Let v = -4/27 - -49/270. Let i(h) be the third derivative of -v*h**5 + 1/24*h**4 + 0*h - 1/120*h**6 + 0 + 4*h**2 + 0*h**3. Give i(-3).
6
Let q(c) = 6*c**3 - 8*c**2 + 8*c - 9. Let u(x) = -x**3 + 1. Let d(r) = -q(r) - 5*u(r). Let v be (-2*(-2 - -11))/(-2). Suppose 11*t = v*t + 14. Determine d(t).
-3
Let s(o) be the first derivative of o**3 + o**2 - o + 46. Give s(1).
4
Let c(k) = k**3 + 5*k**2 - 5*k - 2. Let r = -62 - 29. Let i = 85 + r. What is c(i)?
-8
Let x(y) = 6*y + 2. Let z be x(-2). Let p(u) be the first derivative of -u**2 - 24*u - 4. Let t be p(z). Let f(b) = -b**3 - 5*b**2 - 3*b + 3. Determine f(t).
-1
Let y(k) = -5*k**2 - 10*k - 2. Let d(g) = 0*g**2 - 11 + 3*g**2 + 5*g + 12. Let t(c) = 7*d(c) + 4*y(c). Calculate t(5).
-1
Let a = 9 + -7. Let j(y) = 2 + 2*y**a - 4*y**2 - y + 3*y**2. Calculate j(0).
2
Let f(m) be the second derivative of -m**6/720 - m**5/40 - 5*m**4/6 + 11*m. Let a(w) be the third derivative of f(w). Calculate a(-6).
3
Suppose -1 = 2*h - 11. Let a(x) = 32 - 12 - 21 - h*x. Let g be (-2 - -4)/((-4)/(-2)). What is a(g)?
-6
Suppose 0 = 7*f - 649 + 733. Let d(a) = -2*a - 28. What is d(f)?
-4
Let s be 400/25 - 2/2. Let p(q) = q**3 - 15*q**2 + q + 19. Give p(s).
34
Suppose 10 + 10 = 5*n. Let o(k) = 6 - 2 - 2 - n*k. Give o(-3).
14
Let r(o) = o - 3. Let m be -1 - (1 + (-2 - 4) - -4). Calculate r(m).
-3
Suppose -8 = -5*q + 2. Let i(y) = y**3 + 6*y**2 - 2*y - 11. Let x be i(-6). Let k(o) = -18*o + o**2 + 11*o + q*o**2 - 2*o**2 + x. Determine k(4).
-11
Let b(i) = 3*i**2 + 2*i - 8. Let h(c) = -10*c**2 - 7*c + 27. Let u(g) = -7*b(g) - 2*h(g). Calculate u(1).
1
Let j be ((-1)/3)/((-2)/6). Let t(c) be the second derivative of -c**2/2 - 13*c. Let g(d) = -7*d**2 - d - 3. Let p(r) = -g(r) + 4*t(r). Give p(j).
7
Suppose 3*v = 2*m - 16, -128*v = -3*m - 125*v + 21. Let c(y) = -y**3 + 5*y**2 - 3*y + 4. What is c(m)?
-11
Let c(k) be the third derivative of 0 + 1/30*k**5 + 11*k**2 + 0*k**3 - 2*k + 1/12*k**4. Calculate c(-3).
12
Let q(w) = w**3 - w**2 - w - 17. Let h = -103 - -103. Calculate q(h).
-17
Let s(f) be the first derivative of -f**2/2 - 6*f - 6. Let z = -111 - -116. What is s(z)?
-11
Suppose 0 = -3*i + l + 14, 5*i = 3*l + 33 - 3. Suppose -16*y - 13 = -i*y. Let q(c) = -4*c + 0 + c - 1. Give q(y).
2
Let b(m) = -3*m - 5. Let i(l) be the first derivative of -l**4/4 + 3*l**2/2 - 4*l + 3. Let n be i(2). What is b(n)?
13
Let j(q) = 2*q - 3. Let u(g) = -2*g + 3. Let w(n) = -5*j(n) - 6*u(n). Let d(v) = 6*v + 2. Let k be d(-2). Let z be ((-16)/k)/(12/30). Determine w(z).
5
Let r(t) = -t**3 - 19*t**2 - 17*t + 20. Let h be r(-18). Let m(w) = 3 + h*w - 19 + 3 - w. Determine m(9).
-4
Let q(i) = -8*i - 26. Let x be q(-8). Let s = x - 43. Let j(n) be the first derivative of -n**2/2 + 3*n + 2. Give j(s).
8
Let u(z) be the first derivative of -z**2 - 4*z - 1. Let x = 3720 + -3728. Determine u(x).
12
Suppose 18*o + 35 = 11*o. Let n(s) = s**2 + 8*s + 15. What is n(o)?
0
Let a(w) be the first derivative of w**4/12 - w**3/3 - 3*w**2 - 3*w - 25. Let f(m) be the first derivative of a(m). Calculate f(5).
9
Let b(u) = 3*u**3 - 10*u**2 + 17*u + 4. Let y(k) = k**3 - 5*k**2 + 8*k + 2. Let t(v) = 2*b(v) - 5*y(v). Let g = 52 - 58. Give t(g).
-2
Let y = -16 - -6. Let r = 16 + y. Let b be r/3*-1 - -3. Let t(p) = -4*p**2 - p. Calculate t(b).
-5
Let w(h) = 2. Let a(f) = 6*f - 11. Let k(l) = a(l) + 5*w(l). Let r be 22/6 + 6/(-9). Suppose r*q = 2 + 1. What is k(q)?
5
Let h(o) = -o**2 + 2*o. Let d be h(3). Let i(x) = 7*x**3 + x**2 + 13*x + 4. Let n(w) = 19*w**3 + 4*w**2 + 36*w + 11. Let u(y) = 8*i(y) - 3*n(y). Give u(d).
2
Let q(f) = 6*f**3 + 9*f**2 + 2*f + 1. Let o(r) = -1 - r**3 + 4 - 4 - r**2. Suppose -7 = 3*l - 22. Let x(z) = l*o(z) + q(z). Give x(-3).
-1
Let v(x) = 3*x. Let m be (12/2)/(-5 + 17/3). Suppose 4*n + m = n. Give v(n).
-9
Let s(t) = 25*t - 27. Let f be s(1). Let q(g) be the third derivative of -g**5/20 - g**4/12 + g**3/3 - 3*g**2. Give q(f).
-6
Let r(d) = -d + 1. Let s = -121 + 128. Suppose -11*l - 26 = s. Calculate r(l).
4
Let k(b) = 98*b - 6 + 81*b - 181*b. What is k(0)?
-6
Let q(a) be the third derivative of -a**6/60 - 13*a**5/60 + 5*a**4/24 - 8*a**3/3 - 37*a**2. What is q(-7)?
-2
Let u(d) = 7*d**3 - 2*d**2 + 3*d - 1. Let v(y) = -40*y + 161. Let l be v(4). Give u(l).
7
Let h = 23 + -14. Suppose -h*x + 12 = -3*x. Let m(n) = n**3 - 4*n**2 + 2*n. Give m(x).
-4
Suppose -16 = 17*z - 77 - 41. Let r(p) be the third derivative of p**4/12 - 3*p**3/2 - p**2. Determine r(z).
3
Let f(k) = 6 + 3 - 19 - 2*k. Let v be f(-7). Let h(y) = -y**2 + 2*y - 1. Calculate h(v).
-9
Let r = -2 + 1. Let d(z) = -5*z - 1. Let x be d(r). Let m(q) = 11*q + 5. Let h(a) = 90*a + 42. Let b(g) = 4*h(g) - 33*m(g). Give b(x).
-9
Let p(x) = 3*x + 50. Let n be p(-15). Let b(z) = n*z**2 - 4*z**2 - 7 - 14*z**3 - 4 + 13*z**3. Give b(0).
-11
Let p(f) = -29*f**2 + f + 3. Let a(s) = 22*s**2 - 2. Let t(h) = -4*a(h) - 3*p(h). Determine t(-3).
-1
Let r(l) = l + 2. Suppose -6*f = -f + 20. L